*c + 240, -4*x = c - 234. Is x a multiple of 13?
False
Let g = -62 + 110. Is g a multiple of 37?
False
Suppose -2*l + 3*l = 1, -t - 8 = -4*l. Is 17 a factor of (102/t)/(3/(-4))?
True
Let t = 1 - -8. Is t a multiple of 9?
True
Suppose -1 = -3*c + 5*r, -2*c + c - 2 = -4*r. Let h = c - -10. Is h a multiple of 10?
False
Let k = 94 + 22. Is k a multiple of 29?
True
Suppose -4*y + 216 = 5*n, 5*n + 216 = 4*y + n. Does 18 divide y?
True
Suppose -45 = -2*f - f. Is f a multiple of 3?
True
Let m(g) = -g**3 - 7*g**2 - g - 6. Let w be m(-7). Let b be 42*(w - (-2)/(-6)). Suppose -2*o + 6*o = b. Is 7 a factor of o?
True
Let m(c) = -3*c - 33. Let q(a) be the second derivative of -5*a**3/6 - 25*a**2 - 4*a. Let f(z) = -8*m(z) + 5*q(z). Is 6 a factor of f(0)?
False
Let b(z) = z**3 - 12*z**2 - 15*z - 22. Is 10 a factor of b(14)?
True
Suppose y = 4*y. Suppose -c + 3*c = 3*k - 180, y = -k - 5*c + 77. Does 3 divide k/10 + 2/(-10)?
True
Suppose 2*r - 2*j = -r - 20, 5*r = j - 31. Let z = r + 12. Let o = z - -1. Is 7 a factor of o?
True
Let q(h) = 12*h**3 - 2*h**2 - 2*h + 11. Let a(m) = 8*m**3 - m**2 - m + 7. Let l be (-34)/(-6) - (-6)/(-9). Let j(f) = l*q(f) - 8*a(f). Does 3 divide j(-1)?
True
Let x = -10 - 21. Let w = 63 + x. Is w a multiple of 18?
False
Let f(w) = w**3 - w + 8*w**2 + 0*w - 2*w - 12. Is 12 a factor of f(-8)?
True
Let l(k) = -77*k - 2. Does 25 divide l(-1)?
True
Let t = 68 + 34. Let x = 66 - t. Let w = -14 - x. Is w a multiple of 16?
False
Suppose 0 = l + 3*l - 220. Is l a multiple of 9?
False
Suppose -a = -6*a + 10. Suppose -a*v + 0*n + 2*n = 0, 8 = 4*v - 2*n. Suppose 0 = -z + 2*z - y - 13, -y = -v*z + 37. Is z a multiple of 4?
True
Suppose 0 = 2*u + 6*d - 2*d + 20, u + 12 = -3*d. Let l be u/8 - (-46)/8. Suppose 35 + 75 = l*w. Is 11 a factor of w?
True
Suppose 2*b + 65 = -3*b. Let z = 27 + b. Suppose z = 2*o + 2. Does 6 divide o?
True
Suppose 73 + 195 = -2*f. Let j = -77 - f. Is 19 a factor of j?
True
Let o(q) = 5*q**2 + q + 2. Is 10 a factor of o(3)?
True
Let c = -9 - -5. Let z(q) = 1. Let y(u) = -u**2 - 2*u - 9. Let h(x) = -y(x) - 4*z(x). Does 5 divide h(c)?
False
Does 17 divide (-2)/(-4) + 396/24?
True
Let c = 8 - 3. Suppose -2*g = -2*z - c + 1, -3*z - 3*g = -18. Suppose 0 = -z*j - 2*j + 160. Does 14 divide j?
False
Suppose c = -2*c + 3*m + 9, 2*c - m = 7. Suppose -c*x + 2*x = -60. Is 15 a factor of x?
True
Let r(z) = -z**3 - z**2 - 3*z - 2. Is 29 a factor of r(-5)?
False
Let x(n) = 2*n**2 - 2*n**2 - n**3 + 3*n**2 - 6 + 2*n**2 + 9*n. Does 12 divide x(6)?
True
Suppose -2*l - 80 + 25 = -5*f, 33 = f + 4*l. Let d = f - 4. Suppose -d = -4*h + 3. Does 3 divide h?
True
Let k(r) = r**3 + 5*r**2 - 7*r - 5. Let c be k(-6). Is c/2 - 275/(-10) a multiple of 10?
False
Let n(b) = -33*b - 6. Is n(-2) a multiple of 20?
True
Let q(r) = -r**2 - 5*r - 4. Let n be q(-4). Let p(a) = a + 1. Let m be p(5). Let o = m + n. Is 5 a factor of o?
False
Let q(c) = -8*c - 5. Let x(a) = 15*a + 8 + 8 - 7. Let i(l) = -9*q(l) - 5*x(l). Does 6 divide i(-3)?
False
Let q be (2/5)/(3/90). Let l = 12 + q. Is l a multiple of 10?
False
Is 10 a factor of ((-6)/2 + 4)*51?
False
Suppose 2 = 2*u, -3*d + 3*u + 578 = -499. Is d a multiple of 12?
True
Let c be (3 + 0)*1*-1. Let t be -2*(-3)/c - -1. Does 8 divide (-118)/(-6) - t/3?
False
Suppose -2*g - 3*u = -3, -2*u = -4*g - u + 13. Suppose 0 = -g*r + r. Suppose q - 3*q - 5*b = -76, q + 2*b - 38 = r. Is 19 a factor of q?
True
Suppose 0 = 2*p - 3*c + 1, c - 1 = 2*p + 2. Is (7 + 13)/(-1 - p) a multiple of 10?
True
Suppose 2*u - 235 = -5*j, -2*u = -j - 0*u + 35. Suppose -2*l + j = l. Is l a multiple of 12?
False
Let h = 262 + -127. Suppose -5*g + h = -0*g. Let w = g + -13. Is w a multiple of 14?
True
Let v(d) be the third derivative of 1/60*d**5 + 2*d**2 + 0*d**4 + 0*d - 1/3*d**3 + 0. Is v(4) a multiple of 7?
True
Let z(u) = u**3 + 7*u**2 + 5*u + 9. Is 15 a factor of z(-6)?
True
Suppose d = -5*r + 2*d + 259, 4*r - 209 = -d. Suppose -10 = f - r. Does 10 divide 2 - (-1 + f/(-3))?
False
Let q(l) = 3*l + 9. Is 33 a factor of q(9)?
False
Let x = -12 - -15. Suppose 0*w = -x*w + 81. Is 27 a factor of w?
True
Let y(c) = -5*c + 4. Is y(-14) a multiple of 37?
True
Suppose h - 2 = -5*s, -4*h - 5*s + 4 = -4. Suppose -h*z - 5*k = -5, -2*k - k + 3 = 4*z. Suppose z*x + x = 2*n - 29, 0 = -4*n - 3*x + 33. Is 12 a factor of n?
True
Let h(j) = 2*j**3 + 3*j**2 - j - 1. Is 7 a factor of h(3)?
True
Let q(b) = b**2 + b. Let u(n) = -3*n**2 - n**3 + 6*n**2 - 2 + 2*n - n**2. Let p be u(2). Is q(p) a multiple of 3?
True
Let q be (12/(-10))/((-6)/15). Suppose -3*b - 5*i - 11 = 0, -q*b - 3*i = 1 + 2. Does 2 divide b?
False
Let w be 0 + (0 - -2) + 3. Suppose w*q - 3*q - 96 = 0. Does 16 divide q?
True
Let q(c) = -c**2 - c - 2. Let n be q(6). Let v = n - -62. Is v a multiple of 9?
True
Let z be (-2)/(-2)*(-2 + 2). Let b be (-2 - -7)*(1 + z). Let o = b - -9. Is 12 a factor of o?
False
Let u(w) be the second derivative of -w**3/6 + 15*w**2/2 + 2*w. Let v be u(9). Is v/(-2)*(0 - 10) a multiple of 15?
True
Let d(q) = q**3 - 4*q + 1. Let h be d(3). Let u be (-54)/(-12)*2/3. Suppose -u*o - o = -h, 5*g - 5*o = 0. Is g a multiple of 4?
True
Let r be (-1)/(-1*1/2). Suppose 2 - 5 = -o. Suppose -35 = -2*b - 3*w, -b - o*w + 18 - r = 0. Does 19 divide b?
True
Suppose -5*y + 76 = -4*g, 4*y - 2*g - 3*g - 59 = 0. Does 4 divide y?
True
Let i(w) = w**2 + 3 + 0*w**2 + w - 3*w. Does 4 divide i(4)?
False
Let g = -84 + 35. Let j = -20 - g. Does 10 divide j?
False
Does 8 divide (-592)/(-9) + (-4 - 38/(-9))?
False
Let a be (-6)/10 - (-13)/5. Let v = a + 3. Is v a multiple of 3?
False
Let q = 9 + -4. Is 5 a factor of q?
True
Let z(p) = -16*p. Let m be z(-1). Let x = 1 + m. Does 9 divide x?
False
Suppose 0 = -4*p - 0*n + n + 544, p - 119 = -4*n. Suppose c - 4*k - p = 0, -2*c - c = 3*k - 405. Suppose -2*z - 3*z + c = 0. Does 12 divide z?
False
Suppose 2*h - 59 - 564 = 5*u, 5*u - 15 = 0. Is h a multiple of 11?
True
Let q(x) be the third derivative of x**6/120 - x**5/6 + 5*x**4/12 + x**3/2 - x**2. Let u be (-52)/(-6) - 6/(-18). Is q(u) a multiple of 12?
True
Let f = 0 + 0. Let v(h) = -h**2 + h + 8 + f*h**2 + 5*h. Does 8 divide v(6)?
True
Suppose -2*j - 20 = -n - 3, -j + 95 = 4*n. Does 9 divide n?
False
Let i(b) = b**2 - 1. Let z be i(2). Is z*(-3)/(-9) + 41 a multiple of 14?
True
Suppose -b = 2*b - 9. Suppose 120 = 5*w - p, -100 + 28 = -b*w + 5*p. Is 5 a factor of w?
False
Suppose 0 = 4*j + 5*l - 578, 4*j - 558 = 6*l - l. Does 24 divide j?
False
Let y(b) be the second derivative of -5*b**5/4 - b**4/6 - b**3/3 - b**2/2 + 3*b. Is y(-1) a multiple of 8?
True
Let f(z) = z. Let k(s) = -2*s + 1. Let g(b) = 5*f(b) + 3*k(b). Is 3 a factor of g(0)?
True
Suppose -2*j + 125 = -353. Is 39 a factor of j?
False
Suppose -x = -u - 277, -2*x + 72 = 3*u - 497. Is x a multiple of 7?
True
Suppose 2*t = 20 + 18. Let y = 25 - t. Is 6 a factor of y?
True
Suppose -2*c + 0*c = 4. Let p = -5 - -2. Is ((-1)/c)/(p/(-42)) a multiple of 3?
False
Let c(l) = 2 + 10*l + 13 - 9*l. Let t be c(-10). Suppose -t = -2*k - 1. Does 2 divide k?
True
Let w(f) = f**2 + 5*f + 9. Is 25 a factor of w(14)?
True
Suppose -2*b - 84 = -3*b. Is 14 a factor of b?
True
Let y(x) = 2*x**2 + 0*x**2 - 3*x + 3*x. Is y(3) a multiple of 9?
True
Suppose 5*p = -3*z + 70 + 268, 3*z - 5*p - 388 = 0. Is z a multiple of 11?
True
Suppose 2*h - 5*h = 0. Suppose -4*w - 3*f - 1 = 0, -2*w - 3*f - 5 = -h. Suppose -3*r - 9 = 0, -3*u + 3*r - w*r = -51. Is 16 a factor of u?
True
Let d(a) = -1 + 1 - 19*a**3 + a**2 + a. Suppose -3*f - v - 5 = 0, -f + 0*v - 3 = v. Is 19 a factor of d(f)?
True
Let x(m) = -m**3 - 5*m**2 + 2*m - 3. Is 15 a factor of x(-6)?
False
Suppose -3*s = -4*c - 49 + 9, -3*s - 5*c = -4. Is 8 a factor of s?
True
Let f = 7 - 3. Suppose -5 + 41 = -3*b. Is (b/(-7))/(f/42) a multiple of 6?
True
Suppose 4 - 7 = -c. Suppose 0 = -5*t + 4*h + 81, -4*t = -c*t - 5*h - 33. Let m = t - 4. Is m a multiple of 9?
True
Let j = -57 - -87. Is 9 a factor of j/8*48/18?
False
Let y(s) = -48*s + 12. Let g be y(-6). Suppose 0 = -4*b - b + g. Is b a multiple of 19?
False
Let d(t) = t**3 + 6*t**2 - 6*t + 5. Let c be d(-7). Let y = c - -3. Is 1/((-3)/(-18)) - y even?
False
Suppose 0*j = j - 3. Let k = 33 - j. Is 11 a factor of k?
False
Let n(o) = 3*o + 9. Let i be n(9). Let l = i - 20. Doe